{"id":173,"date":"2023-03-29T18:45:55","date_gmt":"2023-03-29T16:45:55","guid":{"rendered":"https:\/\/testing.r-craft.fun\/myweb\/wordpress\/?page_id=173"},"modified":"2023-04-12T00:20:10","modified_gmt":"2023-04-11T22:20:10","slug":"videotvorba","status":"publish","type":"page","link":"https:\/\/www.viktor-ferus.cz\/?page_id=173","title":{"rendered":"Videotvorba"},"content":{"rendered":"\n<div class=\"wp-block-cover alignfull\" style=\"min-height:720px;aspect-ratio:unset;\"><span aria-hidden=\"true\" class=\"wp-block-cover__background has-black-background-color has-background-dim-60 has-background-dim\"><\/span><img loading=\"lazy\" decoding=\"async\" width=\"2560\" height=\"730\" class=\"wp-block-cover__image-background wp-image-70\" alt=\"\" src=\"https:\/\/www.viktor-ferus.cz\/wp-content\/uploads\/2023\/03\/services.jpg\" style=\"object-position:50% 36%\" data-object-fit=\"cover\" data-object-position=\"50% 36%\"\/><div class=\"wp-block-cover__inner-container is-layout-flow wp-block-cover-is-layout-flow\">\n<div class=\"inherit-container-width wp-block-group alignwide is-layout-constrained wp-block-group-is-layout-constrained\">\n<div class=\"wp-block-media-text alignwide has-media-on-the-right is-stacked-on-mobile is-vertically-aligned-center\" style=\"grid-template-columns:auto 38%\"><div class=\"wp-block-media-text__content\">\n<h1 class=\"wp-block-heading has-text-align-left has-white-color has-text-color\">Videotvorba<\/h1>\n\n\n\n<p>Moje tvorba na YouTube.<\/p>\n\n\n\n<div class=\"wp-block-button\"><a class=\"wp-block-button__link wp-element-button\" href=\"#videotvorba\">Zjistit v\u00edc&#8230;<\/a><\/div>\n<\/div><figure class=\"wp-block-media-text__media\"><img alt=\"\" class=\"wp-image-118 size-full\"\/><\/figure><\/div>\n<\/div>\n<\/div><\/div>\n\n\n\n<h2 class=\"has-text-align-center\" id=\"videotvorba\" style=\"margin-top:20px;\">Videotvorba<\/h2>\n\n\n\n<figure class=\"wp-block-image alignright size-large is-resized\"><img decoding=\"async\" src=\"https:\/\/www.viktor-ferus.cz\/wp-content\/uploads\/2023\/03\/20171107_191542_.jpg\" alt=\"\" width=\"400\"\/><\/figure>\n\n\n\n<p>Po dobu posledn\u00edch bezm\u00e1la 10 let se s&nbsp;p\u0159est\u00e1vkami v\u011bnuji tvorb\u011b vide\u00ed na YouTube. V&nbsp;sou\u010dasn\u00e9 dob\u011b se zam\u011b\u0159uji zejm\u00e9na na videa z&nbsp;oblasti informatiky, po\u010d\u00edta\u010dov\u00e9ho hardwaru a s\u00edt\u00ed. Nen\u00ed to ale pravidlem \u2013 pokud natref\u00edm na n\u011bjak\u00e9 t\u00e9ma, kter\u00e9 pova\u017euji za zaj\u00edmav\u00e9, nato\u010d\u00edm video i o n\u011bm.<\/p>\n\n\n\n<p>V&nbsp;posledn\u00ed dob\u011b se YouTube v\u011bnuji u\u017e opravdu jen jako volno\u010dasov\u00e9 aktivit\u011b, co\u017e vysv\u011btluje, pro\u010d jsou videa vyd\u00e1v\u00e1na ji\u017e sp\u00ed\u0161e sporadicky. P\u0159i rozhodov\u00e1n\u00ed, zda j\u00edt cestou kvality, \u010di kvantity, jsem \u0161el prvn\u00ed cestou.<\/p>\n\n\n\n<h3 class=\"wp-block-heading has-text-align-center\">Moje nejnov\u011bj\u0161\u00ed video<\/h3>\n\n\n\n<div style=\"max-width:600px;margin:auto;margin-bottom:50px;\">\n    <iframe class=\"latestVideoEmbed\" vnum='0' cid=\"UCpXnjQ2PRuzdvU_JOMS8bbw\" width=\"600\" height=\"340\" frameborder=\"0\" allowfullscreen><\/iframe>\n    <p id=\"video-title\" style=\"display:none;\">Lorem ipsum<\/p>\n<\/div>\n\n\t\t<script src=\"https:\/\/ajax.googleapis.com\/ajax\/libs\/jquery\/2.1.1\/jquery.min.js\"><\/script>\n\t\t\n\t\t<script>\n\t\tvar reqURL = \"https:\/\/api.rss2json.com\/v1\/api.json?rss_url=\" + encodeURIComponent(\"https:\/\/www.youtube.com\/feeds\/videos.xml?channel_id=\");\n\n\t\tfunction loadVideo(iframe) {\n\t\t  $.getJSON(reqURL + iframe.getAttribute('cid'),\n\t\t\tfunction(data) {\n\t\t\t  var videoNumber = (iframe.getAttribute('vnum') ? Number(iframe.getAttribute('vnum')) : 0);\n\t\t\t  console.log(videoNumber);\n\t\t\t  var link = data.items[videoNumber].link;\n\t\t\t  var title=data.items[videoNumber].title;\n\t\t\t  id = link.substr(link.indexOf(\"=\") + 1);\n\t\t\t  iframe.setAttribute(\"src\", \"https:\/\/youtube.com\/embed\/\" + id + \"?controls=0&autoplay=1\");\n\t\t\t  iframe.parentElement.querySelector(\"#video-title\").innerText = title;\n\t\t\t}\n\t\t  );\n\t\t}\n\t\tvar iframes = document.getElementsByClassName('latestVideoEmbed');\n\t\tfor (var i = 0, len = iframes.length; i < len; i++) {\n\t\t  loadVideo(iframes[i]);\n\t\t}\n\t\t<\/script>\n\n\n\n<div class=\"wp-block-group alignfull has-background is-layout-constrained wp-container-core-group-is-layout-cfcca693 wp-block-group-is-layout-constrained\" id=\"contact\" style=\"background:linear-gradient(35deg,rgb(6,0,151) 0%,rgb(130,4,255) 64%,rgb(193,15,255) 98%);padding-top:104px;padding-bottom:104px\">\n<h2 class=\"wp-block-heading has-text-align-center has-text-color\" style=\"color:#ffffff\">L\u00edb\u00ed se V\u00e1m m\u00e1 videa?<\/h2>\n\n\n\n<div class=\"wp-block-buttons alignwide is-horizontal is-content-justification-center is-layout-flex wp-container-core-buttons-is-layout-bba8380a wp-block-buttons-is-layout-flex\" style=\"margin-top:50px\">\n<div class=\"wp-block-button\"><a class=\"wp-block-button__link wp-element-button\" href=\"https:\/\/youtube.com\/nokia6085ful\" target=\"_blank\" rel=\"noopener\">Nav\u0161t\u00edvit YT kan\u00e1l<\/a><\/div>\n<\/div>\n<\/div>\n","protected":false},"excerpt":{"rendered":"<p>Videotvorba Po dobu posledn\u00edch bezm\u00e1la 10 let se s&nbsp;p\u0159est\u00e1vkami v\u011bnuji tvorb\u011b vide\u00ed na YouTube. V&nbsp;sou\u010dasn\u00e9 dob\u011b se zam\u011b\u0159uji zejm\u00e9na na videa z&nbsp;oblasti informatiky, po\u010d\u00edta\u010dov\u00e9ho hardwaru a s\u00edt\u00ed. Nen\u00ed to ale pravidlem \u2013 pokud natref\u00edm na n\u011bjak\u00e9 t\u00e9ma, kter\u00e9 pova\u017euji za zaj\u00edmav\u00e9, nato\u010d\u00edm video i o n\u011bm. V&nbsp;posledn\u00ed dob\u011b se YouTube v\u011bnuji u\u017e opravdu jen jako &hellip;<\/p>\n<p class=\"read-more\"> <a class=\"\" href=\"https:\/\/www.viktor-ferus.cz\/?page_id=173\"> <span class=\"screen-reader-text\">Videotvorba<\/span> Pokra\u010dovat ve \u010dten\u00ed &raquo;<\/a><\/p>\n","protected":false},"author":1,"featured_media":0,"parent":0,"menu_order":0,"comment_status":"closed","ping_status":"closed","template":"","meta":{"site-sidebar-layout":"default","site-content-layout":"default","ast-global-header-display":"","ast-main-header-display":"","ast-hfb-above-header-display":"","ast-hfb-below-header-display":"","ast-hfb-mobile-header-display":"","site-post-title":"disabled","ast-breadcrumbs-content":"","ast-featured-img":"","footer-sml-layout":"","theme-transparent-header-meta":"","adv-header-id-meta":"","stick-header-meta":"","header-above-stick-meta":"","header-main-stick-meta":"","header-below-stick-meta":"","footnotes":""},"class_list":["post-173","page","type-page","status-publish","hentry"],"_links":{"self":[{"href":"https:\/\/www.viktor-ferus.cz\/index.php?rest_route=\/wp\/v2\/pages\/173","targetHints":{"allow":["GET"]}}],"collection":[{"href":"https:\/\/www.viktor-ferus.cz\/index.php?rest_route=\/wp\/v2\/pages"}],"about":[{"href":"https:\/\/www.viktor-ferus.cz\/index.php?rest_route=\/wp\/v2\/types\/page"}],"author":[{"embeddable":true,"href":"https:\/\/www.viktor-ferus.cz\/index.php?rest_route=\/wp\/v2\/users\/1"}],"replies":[{"embeddable":true,"href":"https:\/\/www.viktor-ferus.cz\/index.php?rest_route=%2Fwp%2Fv2%2Fcomments&post=173"}],"version-history":[{"count":15,"href":"https:\/\/www.viktor-ferus.cz\/index.php?rest_route=\/wp\/v2\/pages\/173\/revisions"}],"predecessor-version":[{"id":313,"href":"https:\/\/www.viktor-ferus.cz\/index.php?rest_route=\/wp\/v2\/pages\/173\/revisions\/313"}],"wp:attachment":[{"href":"https:\/\/www.viktor-ferus.cz\/index.php?rest_route=%2Fwp%2Fv2%2Fmedia&parent=173"}],"curies":[{"name":"wp","href":"https:\/\/api.w.org\/{rel}","templated":true}]}}