{"id":36,"date":"2023-03-09T22:22:53","date_gmt":"2023-03-09T21:22:53","guid":{"rendered":"https:\/\/testing.r-craft.fun\/myweb\/wordpress\/?page_id=36"},"modified":"2023-04-12T00:18:25","modified_gmt":"2023-04-11T22:18:25","slug":"sluzby","status":"publish","type":"page","link":"https:\/\/www.viktor-ferus.cz\/?page_id=36","title":{"rendered":"Slu\u017eby"},"content":{"rendered":"\n<div class=\"wp-block-cover alignfull\" style=\"min-height:720px;aspect-ratio:unset;\"><span aria-hidden=\"true\" class=\"wp-block-cover__background has-black-background-color has-background-dim-60 has-background-dim\"><\/span><img loading=\"lazy\" decoding=\"async\" width=\"2560\" height=\"730\" class=\"wp-block-cover__image-background wp-image-166\" alt=\"\" src=\"https:\/\/www.viktor-ferus.cz\/wp-content\/uploads\/2023\/03\/sw1.jpg\" style=\"object-position:17% 48%\" data-object-fit=\"cover\" data-object-position=\"17% 48%\"\/><div class=\"wp-block-cover__inner-container is-layout-flow wp-block-cover-is-layout-flow\">\n<div class=\"inherit-container-width wp-block-group alignwide is-layout-constrained wp-block-group-is-layout-constrained\">\n<div class=\"wp-block-media-text alignwide has-media-on-the-right is-stacked-on-mobile is-vertically-aligned-center\" style=\"grid-template-columns:auto 38%\"><div class=\"wp-block-media-text__content\">\n<h1 class=\"wp-block-heading has-text-align-left has-white-color has-text-color\">Moje slu\u017eby<\/h1>\n\n\n\n<p>Zde najdete seznam slu\u017eeb, kter\u00e9 V\u00e1m mohu nab\u00eddnout.<\/p>\n\n\n\n<div class=\"wp-block-button\"><a class=\"wp-block-button__link wp-element-button\" href=\"#services\">Zjistit v\u00edc&#8230;<\/a><\/div>\n<\/div><figure class=\"wp-block-media-text__media\"><img alt=\"\" class=\"wp-image-118 size-full\"\/><\/figure><\/div>\n<\/div>\n<\/div><\/div>\n\n\n\n<div class=\"wp-block-group alignfull is-layout-constrained wp-container-core-group-is-layout-d02d563e wp-block-group-is-layout-constrained\" id=\"services\" style=\"padding-top:50px;padding-bottom:0px\">\n<h2 class=\"wp-block-heading\">Moje slu\u017eby<\/h2>\n\n\n\n<p>Nab\u00edz\u00edm \u0161irok\u00e9 portfolio slu\u017eeb, zejm\u00e9na v oblasti informa\u010dn\u00edch a komunika\u010dn\u00edch technologi\u00ed. Mou b\u011b\u017enou c\u00edlovou skupinou jsou st\u0159edn\u011b velk\u00e9 firmy, \u00fa\u0159ady, \u0161koly a podobn\u00e9 organizace.<\/p>\n\n\n\n<div class=\"wp-block-columns is-layout-flex wp-container-core-columns-is-layout-60cbf9bb wp-block-columns-is-layout-flex\" style=\"margin-top:50px\">\n<div class=\"wp-block-column is-layout-flow wp-container-core-column-is-layout-6b73ce23 wp-block-column-is-layout-flow\">\n<figure class=\"wp-block-image aligncenter size-large\"><img decoding=\"async\" src=\"https:\/\/www.viktor-ferus.cz\/wp-content\/uploads\/2023\/03\/linux.jpg\" alt=\"\"\/><\/figure>\n\n\n\n<h3 class=\"wp-block-heading\" style=\"margin-top:16px\">Spr\u00e1va server\u016f<\/h3>\n\n\n\n<p>Linux &#8211; hlavn\u011b Debian a na n\u011bm zalo\u017een\u00e1 distra. Windows samoz\u0159ejm\u011b taky.<\/p>\n\n\n\n<div class=\"wp-block-buttons is-content-justification-center is-layout-flex wp-container-core-buttons-is-layout-a89b3969 wp-block-buttons-is-layout-flex\"><\/div>\n<\/div>\n\n\n\n<div class=\"wp-block-column is-layout-flow wp-container-core-column-is-layout-6b73ce23 wp-block-column-is-layout-flow\">\n<figure class=\"wp-block-image size-large\"><img decoding=\"async\" src=\"https:\/\/www.viktor-ferus.cz\/wp-content\/uploads\/2023\/03\/routers.jpg\" alt=\"\"\/><\/figure>\n\n\n\n<h3 class=\"wp-block-heading\" style=\"margin-top:16px\">Spr\u00e1va po\u010d\u00edta\u010dov\u00fdch s\u00edt\u00ed<\/h3>\n\n\n\n<p>CCNP level. Vyzn\u00e1m se v Ciscu, Mikrotiku a okrajov\u011b Ubiquiti. <\/p>\n<\/div>\n\n\n\n<div class=\"wp-block-column is-layout-flow wp-container-core-column-is-layout-6b73ce23 wp-block-column-is-layout-flow\">\n<figure class=\"wp-block-image size-large\"><img decoding=\"async\" src=\"https:\/\/www.viktor-ferus.cz\/wp-content\/uploads\/2023\/03\/itsec.jpg\" alt=\"\"\/><\/figure>\n\n\n\n<h3 class=\"wp-block-heading\" style=\"margin-top:16px\">Kybernetick\u00e1 bezpe\u010dnost<\/h3>\n\n\n\n<p>Zku\u0161enosti z pozice cybersecurity specialisty. Firewally, DLP, antiviry&#8230;<\/p>\n<\/div>\n<\/div>\n<\/div>\n\n\n\n<div class=\"wp-block-group alignfull has-ast-global-color-5-background-color has-background is-layout-constrained wp-container-core-group-is-layout-ea1e83d6 wp-block-group-is-layout-constrained\" id=\"about\" style=\"padding-top:80px;padding-bottom:0px\">\n<div class=\"wp-block-media-text has-media-on-the-right is-stacked-on-mobile is-vertically-aligned-center\" style=\"grid-template-columns:auto 40%\"><div class=\"wp-block-media-text__content\">\n<div class=\"inherit-container-width wp-block-group is-layout-constrained wp-container-core-group-is-layout-47ce07ec wp-block-group-is-layout-constrained\" style=\"padding-right:80px\">\n<h2 class=\"wp-block-heading\" style=\"padding-right:40px\">Spr\u00e1va server\u016f<\/h2>\n\n\n\n<p>R\u00e1d se V\u00e1m postar\u00e1m o servery ve Va\u0161\u00ed organizaci, a to v kompletn\u00edm \u017eivotn\u00edm cyklu \u2013 od v\u00fdb\u011bru, p\u0159es instalaci a\u017e po fin\u00e1ln\u00ed spr\u00e1vu a servis.<\/p>\n\n\n\n<p>Um\u00edm pracovat jak s Linuxem (zejm\u00e9na s distry zalo\u017een\u00fdmi na Debianu), tak s Windows, p\u0159i\u010dem\u017e m\u00e1m zku\u0161enosti s v\u011bt\u0161inou b\u011b\u017en\u00fdch pou\u017eit\u00ed (dom\u00e9nov\u00e9 \u0159adi\u010de, webov\u00e9, souborov\u00e9 a e-mailov\u00e9 souborov\u00e9 servery, nebo t\u0159eba i hern\u00ed servery).<\/p>\n<\/div>\n<\/div><figure class=\"wp-block-media-text__media\"><img loading=\"lazy\" decoding=\"async\" width=\"1024\" height=\"683\" src=\"https:\/\/www.viktor-ferus.cz\/wp-content\/uploads\/2023\/04\/002.jpg\" alt=\"\" class=\"wp-image-205 size-full\"\/><\/figure><\/div>\n<\/div>\n\n\n\n<div class=\"wp-block-group alignfull has-ast-global-color-5-background-color has-background is-layout-constrained wp-container-core-group-is-layout-4cbdc4eb wp-block-group-is-layout-constrained\" id=\"about\" style=\"padding-top:80px;padding-bottom:0px\">\n<div class=\"wp-block-media-text is-stacked-on-mobile is-vertically-aligned-center\" style=\"grid-template-columns:40% auto\"><figure class=\"wp-block-media-text__media\"><img loading=\"lazy\" decoding=\"async\" width=\"1024\" height=\"683\" src=\"https:\/\/www.viktor-ferus.cz\/wp-content\/uploads\/2023\/04\/001.jpg\" alt=\"\" class=\"wp-image-206 size-full\"\/><\/figure><div class=\"wp-block-media-text__content\">\n<div class=\"inherit-container-width wp-block-group is-layout-constrained wp-container-core-group-is-layout-47ce07ec wp-block-group-is-layout-constrained\" style=\"padding-right:80px\">\n<h2 class=\"wp-block-heading\" style=\"padding-right:40px\">Spr\u00e1va s\u00edt\u00ed<\/h2>\n\n\n\n<p>I se spr\u00e1vou Va\u0161\u00ed podnikov\u00e9 s\u00edt\u011b V\u00e1m r\u00e1d pomohu, a to zejm\u00e9na v oblasti n\u00e1vrhu, designu, spr\u00e1vy a v p\u0159\u00edpad\u011b men\u0161\u00edch s\u00edt\u00ed i instalace (fyzickou instalaci v\u011bt\u0161\u00ed s\u00edt\u011b preferuji \u0159e\u0161it dodavatelsky).<\/p>\n\n\n\n<p>Moje znalosti jsou n\u011bkde na pomez\u00ed konce CCNA a za\u010d\u00e1tku CCNP. Spr\u00e1va Wi-Fi, p\u0159\u00edstupov\u00fdch switch\u016f, VLAN, dynamick\u00e9ho sm\u011brov\u00e1n\u00ed, VPN a \u0161ifrov\u00e1n\u00ed jsou pro m\u011b samoz\u0159ejmost\u00ed. Z pou\u017e\u00edvan\u00fdch technologi\u00ed ovl\u00e1d\u00e1m Cisco, Mikrotik a Ubiquiti (nicm\u00e9n\u011b si porad\u00edm i s dal\u0161\u00edmi vendory).<\/p>\n<\/div>\n<\/div><\/div>\n<\/div>\n\n\n\n<div class=\"wp-block-group alignfull has-ast-global-color-5-background-color has-background is-layout-constrained wp-container-core-group-is-layout-0c1e3768 wp-block-group-is-layout-constrained\" id=\"about\" style=\"padding-top:80px;padding-bottom:144px\">\n<div class=\"wp-block-media-text has-media-on-the-right is-stacked-on-mobile is-vertically-aligned-center\" style=\"grid-template-columns:auto 39%\"><div class=\"wp-block-media-text__content\">\n<div class=\"inherit-container-width wp-block-group is-layout-constrained wp-container-core-group-is-layout-47ce07ec wp-block-group-is-layout-constrained\" style=\"padding-right:80px\">\n<h2 class=\"wp-block-heading\" style=\"padding-right:40px\">Kybernetick\u00e1 bezpe\u010dnost<\/h2>\n\n\n\n<p>Z pozice Cybersecurity specialisty, na n\u00ed\u017e v sou\u010dasnosti p\u016fsob\u00edm na Z\u010cU, disponuji p\u0159ehledem na poli sou\u010dasn\u00e9 kybernetick\u00e9 bezpe\u010dnosti.<\/p>\n\n\n\n<p>Vyzn\u00e1m se v \u0161ifrov\u00e1n\u00ed, PKI, autentiza\u010dn\u00edch mechanismech, centr\u00e1ln\u011b spravovan\u00fdch antivirech a dal\u0161\u00edch souvisej\u00edc\u00edch oblastech KB.<\/p>\n<\/div>\n<\/div><figure class=\"wp-block-media-text__media\"><img loading=\"lazy\" decoding=\"async\" width=\"1024\" height=\"683\" src=\"https:\/\/www.viktor-ferus.cz\/wp-content\/uploads\/2023\/04\/001-2.jpg\" alt=\"\" class=\"wp-image-207 size-full\"\/><\/figure><\/div>\n<\/div>\n\n\n\n<div class=\"wp-block-group alignfull has-background is-layout-constrained wp-container-core-group-is-layout-cfcca693 wp-block-group-is-layout-constrained\" id=\"contact\" style=\"background:linear-gradient(35deg,rgb(6,0,151) 0%,rgb(130,4,255) 64%,rgb(193,15,255) 98%);padding-top:104px;padding-bottom:104px\">\n<h2 class=\"wp-block-heading has-text-align-center has-text-color\" style=\"color:#ffffff\">Kontaktujte m\u011b pro nez\u00e1vaznou popt\u00e1vku.<\/h2>\n\n\n\n<div class=\"wp-block-buttons alignwide is-horizontal is-content-justification-center is-layout-flex wp-container-core-buttons-is-layout-bba8380a wp-block-buttons-is-layout-flex\" style=\"margin-top:50px\">\n<div class=\"wp-block-button\"><a class=\"wp-block-button__link wp-element-button\" href=\"?page_id=154\">Kontakt<\/a><\/div>\n<\/div>\n<\/div>\n","protected":false},"excerpt":{"rendered":"<p>Moje slu\u017eby Nab\u00edz\u00edm \u0161irok\u00e9 portfolio slu\u017eeb, zejm\u00e9na v oblasti informa\u010dn\u00edch a komunika\u010dn\u00edch technologi\u00ed. Mou b\u011b\u017enou c\u00edlovou skupinou jsou st\u0159edn\u011b velk\u00e9 firmy, \u00fa\u0159ady, \u0161koly a podobn\u00e9 organizace. Spr\u00e1va server\u016f Linux &#8211; hlavn\u011b Debian a na n\u011bm zalo\u017een\u00e1 distra. Windows samoz\u0159ejm\u011b taky. Spr\u00e1va po\u010d\u00edta\u010dov\u00fdch s\u00edt\u00ed CCNP level. Vyzn\u00e1m se v Ciscu, Mikrotiku a okrajov\u011b Ubiquiti. Kybernetick\u00e1 bezpe\u010dnost &hellip;<\/p>\n<p class=\"read-more\"> <a class=\"\" href=\"https:\/\/www.viktor-ferus.cz\/?page_id=36\"> <span class=\"screen-reader-text\">Slu\u017eby<\/span> Pokra\u010dovat ve \u010dten\u00ed &raquo;<\/a><\/p>\n","protected":false},"author":1,"featured_media":0,"parent":0,"menu_order":0,"comment_status":"closed","ping_status":"closed","template":"","meta":{"site-sidebar-layout":"default","site-content-layout":"default","ast-global-header-display":"","ast-main-header-display":"","ast-hfb-above-header-display":"","ast-hfb-below-header-display":"","ast-hfb-mobile-header-display":"","site-post-title":"disabled","ast-breadcrumbs-content":"","ast-featured-img":"","footer-sml-layout":"","theme-transparent-header-meta":"","adv-header-id-meta":"","stick-header-meta":"","header-above-stick-meta":"","header-main-stick-meta":"","header-below-stick-meta":"","footnotes":""},"class_list":["post-36","page","type-page","status-publish","hentry"],"_links":{"self":[{"href":"https:\/\/www.viktor-ferus.cz\/index.php?rest_route=\/wp\/v2\/pages\/36","targetHints":{"allow":["GET"]}}],"collection":[{"href":"https:\/\/www.viktor-ferus.cz\/index.php?rest_route=\/wp\/v2\/pages"}],"about":[{"href":"https:\/\/www.viktor-ferus.cz\/index.php?rest_route=\/wp\/v2\/types\/page"}],"author":[{"embeddable":true,"href":"https:\/\/www.viktor-ferus.cz\/index.php?rest_route=\/wp\/v2\/users\/1"}],"replies":[{"embeddable":true,"href":"https:\/\/www.viktor-ferus.cz\/index.php?rest_route=%2Fwp%2Fv2%2Fcomments&post=36"}],"version-history":[{"count":26,"href":"https:\/\/www.viktor-ferus.cz\/index.php?rest_route=\/wp\/v2\/pages\/36\/revisions"}],"predecessor-version":[{"id":312,"href":"https:\/\/www.viktor-ferus.cz\/index.php?rest_route=\/wp\/v2\/pages\/36\/revisions\/312"}],"wp:attachment":[{"href":"https:\/\/www.viktor-ferus.cz\/index.php?rest_route=%2Fwp%2Fv2%2Fmedia&parent=36"}],"curies":[{"name":"wp","href":"https:\/\/api.w.org\/{rel}","templated":true}]}}

Služby

<div class="wp-block-cover alignfull" style="min-height:720px;aspect-ratio:unset;"><span aria-hidden="true" class="wp-block-cover__background has-black-background-color has-background-dim-60 has-background-dim"></span><img loading="lazy" decoding="async" width="2560" height="730" class="wp-block-cover__image-background wp-image-166" alt="" src="https://www.viktor-ferus.cz/wp-content/uploads/2023/03/sw1.jpg" style="object-position:17% 48%" data-object-fit="cover" data-object-position="17% 48%"/><div class="wp-block-cover__inner-container is-layout-flow wp-block-cover-is-layout-flow">
<div class="inherit-container-width wp-block-group alignwide is-layout-constrained wp-block-group-is-layout-constrained">
<div class="wp-block-media-text alignwide has-media-on-the-right is-stacked-on-mobile is-vertically-aligned-center" style="grid-template-columns:auto 38%"><div class="wp-block-media-text__content">
<h1 class="wp-block-heading has-text-align-left has-white-color has-text-color">Moje služby</h1>



<p>Zde najdete seznam služeb, které Vám mohu nabídnout.</p>



<div class="wp-block-button"><a class="wp-block-button__link wp-element-button" href="#services">Zjistit víc&#8230;</a></div>
</div><figure class="wp-block-media-text__media"><img alt="" class="wp-image-118 size-full"/></figure></div>
</div>
</div></div>



<div class="wp-block-group alignfull is-layout-constrained wp-container-core-group-is-layout-d02d563e wp-block-group-is-layout-constrained" id="services" style="padding-top:50px;padding-bottom:0px">
<h2 class="wp-block-heading">Moje služby</h2>



<p>Nabízím široké portfolio služeb, zejména v oblasti informačních a komunikačních technologií. Mou běžnou cílovou skupinou jsou středně velké firmy, úřady, školy a podobné organizace.</p>



<div class="wp-block-columns is-layout-flex wp-container-core-columns-is-layout-60cbf9bb wp-block-columns-is-layout-flex" style="margin-top:50px">
<div class="wp-block-column is-layout-flow wp-container-core-column-is-layout-6b73ce23 wp-block-column-is-layout-flow">
<figure class="wp-block-image aligncenter size-large"><img decoding="async" src="https://www.viktor-ferus.cz/wp-content/uploads/2023/03/linux.jpg" alt=""/></figure>



<h3 class="wp-block-heading" style="margin-top:16px">Správa serverů</h3>



<p>Linux &#8211; hlavně Debian a na něm založená distra. Windows samozřejmě taky.</p>



<div class="wp-block-buttons is-content-justification-center is-layout-flex wp-container-core-buttons-is-layout-a89b3969 wp-block-buttons-is-layout-flex"></div>
</div>



<div class="wp-block-column is-layout-flow wp-container-core-column-is-layout-6b73ce23 wp-block-column-is-layout-flow">
<figure class="wp-block-image size-large"><img decoding="async" src="https://www.viktor-ferus.cz/wp-content/uploads/2023/03/routers.jpg" alt=""/></figure>



<h3 class="wp-block-heading" style="margin-top:16px">Správa počítačových sítí</h3>



<p>CCNP level. Vyznám se v Ciscu, Mikrotiku a okrajově Ubiquiti. </p>
</div>



<div class="wp-block-column is-layout-flow wp-container-core-column-is-layout-6b73ce23 wp-block-column-is-layout-flow">
<figure class="wp-block-image size-large"><img decoding="async" src="https://www.viktor-ferus.cz/wp-content/uploads/2023/03/itsec.jpg" alt=""/></figure>



<h3 class="wp-block-heading" style="margin-top:16px">Kybernetická bezpečnost</h3>



<p>Zkušenosti z pozice cybersecurity specialisty. Firewally, DLP, antiviry&#8230;</p>
</div>
</div>
</div>



<div class="wp-block-group alignfull has-ast-global-color-5-background-color has-background is-layout-constrained wp-container-core-group-is-layout-ea1e83d6 wp-block-group-is-layout-constrained" id="about" style="padding-top:80px;padding-bottom:0px">
<div class="wp-block-media-text has-media-on-the-right is-stacked-on-mobile is-vertically-aligned-center" style="grid-template-columns:auto 40%"><div class="wp-block-media-text__content">
<div class="inherit-container-width wp-block-group is-layout-constrained wp-container-core-group-is-layout-47ce07ec wp-block-group-is-layout-constrained" style="padding-right:80px">
<h2 class="wp-block-heading" style="padding-right:40px">Správa serverů</h2>



<p>Rád se Vám postarám o servery ve Vaší organizaci, a to v kompletním životním cyklu – od výběru, přes instalaci až po finální správu a servis.</p>



<p>Umím pracovat jak s Linuxem (zejména s distry založenými na Debianu), tak s Windows, přičemž mám zkušenosti s většinou běžných použití (doménové řadiče, webové, souborové a e-mailové souborové servery, nebo třeba i herní servery).</p>
</div>
</div><figure class="wp-block-media-text__media"><img loading="lazy" decoding="async" width="1024" height="683" src="https://www.viktor-ferus.cz/wp-content/uploads/2023/04/002.jpg" alt="" class="wp-image-205 size-full"/></figure></div>
</div>



<div class="wp-block-group alignfull has-ast-global-color-5-background-color has-background is-layout-constrained wp-container-core-group-is-layout-4cbdc4eb wp-block-group-is-layout-constrained" id="about" style="padding-top:80px;padding-bottom:0px">
<div class="wp-block-media-text is-stacked-on-mobile is-vertically-aligned-center" style="grid-template-columns:40% auto"><figure class="wp-block-media-text__media"><img loading="lazy" decoding="async" width="1024" height="683" src="https://www.viktor-ferus.cz/wp-content/uploads/2023/04/001.jpg" alt="" class="wp-image-206 size-full"/></figure><div class="wp-block-media-text__content">
<div class="inherit-container-width wp-block-group is-layout-constrained wp-container-core-group-is-layout-47ce07ec wp-block-group-is-layout-constrained" style="padding-right:80px">
<h2 class="wp-block-heading" style="padding-right:40px">Správa sítí</h2>



<p>I se správou Vaší podnikové sítě Vám rád pomohu, a to zejména v oblasti návrhu, designu, správy a v případě menších sítí i instalace (fyzickou instalaci větší sítě preferuji řešit dodavatelsky).</p>



<p>Moje znalosti jsou někde na pomezí konce CCNA a začátku CCNP. Správa Wi-Fi, přístupových switchů, VLAN, dynamického směrování, VPN a šifrování jsou pro mě samozřejmostí. Z používaných technologií ovládám Cisco, Mikrotik a Ubiquiti (nicméně si poradím i s dalšími vendory).</p>
</div>
</div></div>
</div>



<div class="wp-block-group alignfull has-ast-global-color-5-background-color has-background is-layout-constrained wp-container-core-group-is-layout-0c1e3768 wp-block-group-is-layout-constrained" id="about" style="padding-top:80px;padding-bottom:144px">
<div class="wp-block-media-text has-media-on-the-right is-stacked-on-mobile is-vertically-aligned-center" style="grid-template-columns:auto 39%"><div class="wp-block-media-text__content">
<div class="inherit-container-width wp-block-group is-layout-constrained wp-container-core-group-is-layout-47ce07ec wp-block-group-is-layout-constrained" style="padding-right:80px">
<h2 class="wp-block-heading" style="padding-right:40px">Kybernetická bezpečnost</h2>



<p>Z pozice Cybersecurity specialisty, na níž v současnosti působím na ZČU, disponuji přehledem na poli současné kybernetické bezpečnosti.</p>



<p>Vyznám se v šifrování, PKI, autentizačních mechanismech, centrálně spravovaných antivirech a dalších souvisejících oblastech KB.</p>
</div>
</div><figure class="wp-block-media-text__media"><img loading="lazy" decoding="async" width="1024" height="683" src="https://www.viktor-ferus.cz/wp-content/uploads/2023/04/001-2.jpg" alt="" class="wp-image-207 size-full"/></figure></div>
</div>



<div class="wp-block-group alignfull has-background is-layout-constrained wp-container-core-group-is-layout-cfcca693 wp-block-group-is-layout-constrained" id="contact" style="background:linear-gradient(35deg,rgb(6,0,151) 0%,rgb(130,4,255) 64%,rgb(193,15,255) 98%);padding-top:104px;padding-bottom:104px">
<h2 class="wp-block-heading has-text-align-center has-text-color" style="color:#ffffff">Kontaktujte mě pro nezávaznou poptávku.</h2>



<div class="wp-block-buttons alignwide is-horizontal is-content-justification-center is-layout-flex wp-container-core-buttons-is-layout-bba8380a wp-block-buttons-is-layout-flex" style="margin-top:50px">
<div class="wp-block-button"><a class="wp-block-button__link wp-element-button" href="?page_id=154">Kontakt</a></div>
</div>
</div>

<p>Moje služby Nabízím široké portfolio služeb, zejména v oblasti informačních a komunikačních technologií. Mou běžnou cílovou skupinou jsou středně velké firmy, úřady, školy a podobné organizace. Správa serverů Linux &#8211; hlavně Debian a na něm založená distra. Windows samozřejmě taky. Správa počítačových sítí CCNP level. Vyznám se v Ciscu, Mikrotiku a okrajově Ubiquiti. Kybernetická bezpečnost &hellip;</p>
<p class="read-more"> <a class="" href="https://www.viktor-ferus.cz/?page_id=36"> <span class="screen-reader-text">Služby</span> Pokračovat ve čtení &raquo;</a></p>
