{"id":75,"date":"2023-03-21T18:08:52","date_gmt":"2023-03-21T17:08:52","guid":{"rendered":"https:\/\/testing.r-craft.fun\/myweb\/wordpress\/?page_id=75"},"modified":"2025-06-24T12:26:06","modified_gmt":"2025-06-24T10:26:06","slug":"cv","status":"publish","type":"page","link":"https:\/\/www.viktor-ferus.cz\/?page_id=75","title":{"rendered":"CV"},"content":{"rendered":"\n<div class=\"wp-block-cover alignfull\" style=\"min-height:720px;aspect-ratio:unset;\"><img loading=\"lazy\" decoding=\"async\" width=\"2560\" height=\"730\" class=\"wp-block-cover__image-background wp-image-159\" alt=\"\" src=\"https:\/\/www.viktor-ferus.cz\/wp-content\/uploads\/2023\/03\/me3.jpg\" style=\"object-position:61% 29%\" data-object-fit=\"cover\" data-object-position=\"61% 29%\"\/><span aria-hidden=\"true\" class=\"wp-block-cover__background has-ast-global-color-8-background-color has-background-dim-0 has-background-dim\"><\/span><div class=\"wp-block-cover__inner-container is-layout-flow wp-block-cover-is-layout-flow\">\n<div class=\"inherit-container-width wp-block-group alignwide is-layout-constrained wp-block-group-is-layout-constrained\">\n<div class=\"wp-block-media-text alignwide has-media-on-the-right is-stacked-on-mobile is-vertically-aligned-center\" style=\"grid-template-columns:auto 38%\"><div class=\"wp-block-media-text__content\">\n<h1 class=\"wp-block-heading has-text-align-left has-white-color has-text-color\">CV<\/h1>\n\n\n\n<div class=\"wp-block-button\"><a class=\"wp-block-button__link wp-element-button\" href=\"#vf\">P\u0159e\u010d\u00edst&#8230;<\/a><\/div>\n<\/div><figure class=\"wp-block-media-text__media\"><\/figure><\/div>\n<\/div>\n<\/div><\/div>\n\n\n\n<h2 class=\"has-text-align-center\" id=\"vf\" style=\"margin-top:20px;\">Viktor Ferus<\/h2>\n\n\n\n<figure class=\"wp-block-image alignright size-large is-resized\"><img decoding=\"async\" src=\"https:\/\/www.viktor-ferus.cz\/wp-content\/uploads\/2023\/03\/Profilovka-768x1024.jpg\" alt=\"\" style=\"width:384px;height:512px\"\/><\/figure>\n\n\n\n<h2 class=\"wp-block-heading display-inline-block\">Z\u00e1kladn\u00ed \u00fadaje<\/h2>\n\n\n\n<ul class=\"wp-block-list\">\n<li>Narozen \u2013 30. 5. 2000<\/li>\n\n\n\n<li>Bydli\u0161t\u011b a pole p\u016fsobnosti \u2013 Plze\u0148 a okol\u00ed do 100 km<\/li>\n\n\n\n<li>Telefon \u2013 +420 377 632 868<\/li>\n\n\n\n<li>Web \u2013 pr\u00e1v\u011b na n\u011bm jste \ud83d\ude42<\/li>\n\n\n\n<li>I\u010c \u2013 09072179<\/li>\n<\/ul>\n\n\n\n<h2 class=\"wp-block-heading display-inline-block\">Pracovn\u00ed zku\u0161enosti<\/h2>\n\n\n\n<h3 class=\"wp-block-heading display-inline-block\">Cybersecurity specialist \/ specialista v&nbsp;oblasti bezpe\u010dnosti dat<\/h3>\n\n\n\n<p><a href=\"https:\/\/support.zcu.cz\/index.php\/Co_je_CIV\" target=\"_blank\" rel=\"noreferrer noopener\">Centrum informatizace a v\u00fdpo\u010detn\u00ed techniky<\/a>, Z\u00e1pado\u010desk\u00e1 univerzita v Plzni, Univerzitn\u00ed 2732\/8, 301 00 Plze\u0148<\/p>\n\n\n\n<p>1. 1. 2021 &#8211; sou\u010dasnost<\/p>\n\n\n\n<ul class=\"wp-block-list\">\n<li>\u010clen <a href=\"https:\/\/support.zcu.cz\/index.php\/WIRT\" target=\"_blank\" rel=\"noreferrer noopener\">WIRT t\u00fdmu<\/a>, dohled nad zabezpe\u010den\u00edm univerzitn\u00edho IT<\/li>\n\n\n\n<li>Zpracov\u00e1n\u00ed bezpe\u010dnostn\u00edch incident\u016f, proaktivn\u00ed monitoring s\u00edt\u011b a server\u016f<\/li>\n\n\n\n<li>Spr\u00e1va celouniverzitn\u00edho antimalwarov\u00e9ho \u0159e\u0161en\u00ed od McAfee, ochrana p\u0159ed phishingem<\/li>\n\n\n\n<li>Forenzn\u00ed anal\u00fdza napaden\u00fdch stroj\u016f, anal\u00fdza malwaru<\/li>\n\n\n\n<li>Pravideln\u00e9 \u0161kolen\u00ed u\u017eivatel\u016f, prezentace na semin\u00e1\u0159\u00edch<\/li>\n\n\n\n<li>Pou\u017e\u00edvan\u00e9 technologie: Kali, Debian, KVM, Kerberos, OIDC, GrayLog, GNS3&#8230;<\/li>\n<\/ul>\n\n\n\n<h3 class=\"wp-block-heading\">Spr\u00e1vce po\u010d\u00edta\u010dov\u00e9 s\u00edt\u011b<\/h3>\n\n\n\n<p><a href=\"https:\/\/www.pilsfree.cz\" target=\"_blank\" rel=\"noreferrer noopener\">PilsFree, z. s.<\/a>, Tachovsk\u00e1 41, 323 00 Plze\u0148<\/p>\n\n\n\n<p>20. 11. 2019 \u2013 sou\u010dasnost<\/p>\n\n\n\n<ul class=\"wp-block-list\">\n<li>Spr\u00e1va komunitn\u00ed \u201eWISP-like\u201c s\u00edt\u011b v&nbsp;okol\u00ed Plzn\u011b, \u0159e\u0161en\u00ed investic a upgrad\u016f, spr\u00e1va p\u0159\u00edpojek k s\u00edti, vys\u00edla\u010d\u016f, ant\u00e9n (zejm\u00e9na 5 GHz)\u2026<\/li>\n\n\n\n<li>Pou\u017e\u00edvan\u00fd hardware: Mikrotik, Ubiquiti, RF Elements, Alcoma, Siklu, Ericsson, IMCO power\u2026<\/li>\n\n\n\n<li>Technologie: RouterOS, AirOS, UNMS (dnes UISP), 802.11, nv2, AirMax, OSPF, centr\u00e1ln\u011b \u0159\u00edzen\u00e9 DHCP\u2026<\/li>\n<\/ul>\n\n\n\n<h3 class=\"wp-block-heading\">IT freelancer<\/h3>\n\n\n\n<p>1. 4. 2020 \u2013 sou\u010dasnost<\/p>\n\n\n\n<ul class=\"wp-block-list\">\n<li>Poskytov\u00e1n\u00ed slu\u017eeb v&nbsp;oblasti spr\u00e1vy s\u00edt\u00ed a server\u016f (jak Linux, tak MS AD)<\/li>\n\n\n\n<li>Spravuji s\u00ed\u0165 n\u011bkolika organizac\u00edm<\/li>\n\n\n\n<li>\u0158e\u0161\u00edm v&nbsp;nich vesm\u011bs to sam\u00e9, co na Z\u010cU a v&nbsp;PF + samoz\u0159ejm\u011b VPN, z\u00e1lohov\u00e1n\u00ed, \u0161ifrov\u00e1n\u00ed, \u2026 \ud83d\ude42<\/li>\n<\/ul>\n\n\n\n<h2 class=\"wp-block-heading\">Vzd\u011bl\u00e1n\u00ed a kurzy<\/h2>\n\n\n\n<h3 class=\"wp-block-heading\"><a href=\"http:\/\/www.infis.cz\" target=\"_blank\" rel=\"noreferrer noopener\">St\u0159edn\u00ed \u0161kola Informatiky a finan\u010dn\u00edch slu\u017eeb Plze\u0148<\/a>, Klatovsk\u00e1 200G, 30100 Plze\u0148 (\u010cesk\u00e1 republika)<\/h3>\n\n\n\n<ul class=\"wp-block-list\">\n<li>Zam\u011b\u0159en\u00ed <a href=\"https:\/\/infis.cz\/pskb\/\" target=\"_blank\" rel=\"noreferrer noopener\">Po\u010d\u00edta\u010dov\u00e9 s\u00edt\u011b a kybernetick\u00e1 bezpe\u010dnost<\/a><\/li>\n\n\n\n<li>V&nbsp;r\u00e1mci \u0161koly absolvov\u00e1no n\u011bkolik certifikac\u00ed (Cisco ITE, CCNA1-3, NDG Linux Essentials\u2026)<\/li>\n\n\n\n<li>V\u00fduka (p\u0159ekvapiv\u011b :-)) zam\u011b\u0159ena vesm\u011bs na to, \u010d\u00edm se dnes \u017eiv\u00edm (\u010detli jste v\u00fd\u0161e)<\/li>\n\n\n\n<li>Zakon\u010deno v roce 2019 maturitn\u00ed zkou\u0161kou s&nbsp;vyznamen\u00e1n\u00edm.<\/li>\n<\/ul>\n\n\n\n<h3 class=\"wp-block-heading\">Kurzy a certifik\u00e1ty<\/h3>\n\n\n\n<ul class=\"wp-block-list\">\n<li>Cisco ITE \u2013 \u00fapln\u00e9 z\u00e1klady ICT (a.k.a. rozeznejte od sebe monitor a kl\u00e1vesnici). Bylo povinn\u00e9 v&nbsp;prv\u00e1ku na S\u0160.<\/li>\n\n\n\n<li><a href=\"\/wp-content\/uploads\/2023\/03\/ViktorFerus-ZCU-202301-CCNA1-certificate.pdf\" data-type=\"URL\" data-id=\"\/wp-content\/uploads\/2023\/03\/ViktorFerus-ZCU-202301-CCNA1-certificate.pdf\" target=\"_blank\" rel=\"noreferrer noopener\">CCNA1<\/a>, <a href=\"\/wp-content\/uploads\/2023\/03\/ViktorFerus-ZCU-202301-CCNA2-certificate.pdf\" data-type=\"URL\" data-id=\"\/wp-content\/uploads\/2023\/03\/ViktorFerus-ZCU-202301-CCNA2-certificate.pdf\" target=\"_blank\" rel=\"noreferrer noopener\">CCNA2 <\/a>a <a href=\"\/wp-content\/uploads\/2023\/03\/ViktorFerus-ZCU-202302-CCNA3-certificate.pdf\" data-type=\"URL\" data-id=\"\/wp-content\/uploads\/2023\/03\/ViktorFerus-ZCU-202302-CCNA3-certificate.pdf\" target=\"_blank\" rel=\"noreferrer noopener\">CCNA3 <\/a>\u2013 Instalace a spr\u00e1va LAN s\u00edt\u00ed (ISO\/OSI model, TCP\/IP komunikace, routing, switching\u2026), zabezpe\u010den\u00ed s\u00edt\u00ed, statick\u00e9 a dynamick\u00e9 sm\u011brov\u00e1n\u00ed, STP, VLAN, VTP, PortChannel, OSPF, HSRP\u2026<\/li>\n\n\n\n<li><a href=\"https:\/\/www.viktor-ferus.cz\/wp-content\/uploads\/2025\/06\/CCNP-ENCOR.pdf\" data-type=\"link\" data-id=\"https:\/\/www.viktor-ferus.cz\/wp-content\/uploads\/2025\/06\/CCNP-ENCOR.pdf\">CCNP-ENCOR<\/a> \u2013 Pokro\u010dil\u00e9 STP, L2 a L3 virtualizace (VLAN, VXLAN, VRF), EIGRP, BGP, multiarea OSPF, multicast, MPLS, LISP&#8230;<\/li>\n\n\n\n<li>FLAB Cesnet \u2013 <a href=\"\/wp-content\/uploads\/2023\/03\/CCF_000001.pdf\" data-type=\"attachment\" target=\"_blank\" rel=\"noreferrer noopener\">Forenzn\u00ed tr\u00e9nink 1<\/a> \u2013 Anal\u00fdza diskov\u00e9 jednotky, zaji\u0161\u0165ov\u00e1n\u00ed d\u016fkaz\u016f, vytvo\u0159en\u00ed \u010dasov\u00e9 osy, prezentov\u00e1n\u00ed n\u00e1lezu.<\/li>\n\n\n\n<li>FLAB Cesnet \u2013 <a rel=\"noreferrer noopener\" href=\"\/wp-content\/uploads\/2023\/03\/CCF_000002.pdf\" target=\"_blank\">Forenzn\u00ed tr\u00e9nink 2<\/a> \u2013 Anal\u00fdza s\u00ed\u0165ov\u00e9ho provozu, zaji\u0161\u0165ov\u00e1n\u00ed d\u016fkaz\u016f, \u010dasov\u00e1 osa\u2026<\/li>\n\n\n\n<li>CZ.NIC &#8211; <a href=\"https:\/\/www.viktor-ferus.cz\/wp-content\/uploads\/2023\/10\/CCF_000005.pdf\" data-type=\"link\" data-id=\"https:\/\/www.viktor-ferus.cz\/wp-content\/uploads\/2023\/10\/CCF_000005.pdf\">Kontejnery (nejen) s Dockerem<\/a> &#8211; Jak pracovat s kontejnery, jak kontejnery funguj\u00ed, vytvo\u0159en\u00ed vlastn\u00edho kontejneru&#8230;<\/li>\n\n\n\n<li>Root.cz &#8211; <a href=\"https:\/\/www.viktor-ferus.cz\/wp-content\/uploads\/2024\/11\/Hacking_v_praxi_1.pdf\" data-type=\"link\" data-id=\"https:\/\/www.viktor-ferus.cz\/wp-content\/uploads\/2024\/11\/Hacking_v_praxi_1.pdf\">Hacking v praxi 1<\/a> a <a href=\"https:\/\/www.viktor-ferus.cz\/wp-content\/uploads\/2025\/05\/Hacking_v_praxi_2.pdf\" data-type=\"link\" data-id=\"https:\/\/www.viktor-ferus.cz\/wp-content\/uploads\/2025\/05\/Hacking_v_praxi_2.pdf\">Hacking v praxi 2<\/a> &#8211; Obecn\u00fd pr\u016f\u0159ez aktu\u00e1ln\u00edmi \u00fatoky, soci\u00e1ln\u00ed in\u017een\u00fdrstv\u00ed, zranitelnosti ve Windows, hacking bezdr\u00e1tov\u00fdch s\u00edt\u00ed, Kali a Metasploit, bezpe\u010dnost webov\u00fdch aplikac\u00ed, s\u00ed\u0165ov\u00e1 bezpe\u010dnost. <a href=\"https:\/\/www.skoleniroot.cz\/hacking-v-praxi-1\/\" data-type=\"link\" data-id=\"https:\/\/www.skoleniroot.cz\/hacking-v-praxi-1\/\">Sylabus prvn\u00edho<\/a> a <a href=\"https:\/\/www.skoleniroot.cz\/hacking-v-praxi-2\/\" data-type=\"link\" data-id=\"https:\/\/www.skoleniroot.cz\/hacking-v-praxi-2\/\">sylabus druh\u00e9ho<\/a> \u0161kolen\u00ed.<\/li>\n<\/ul>\n\n\n\n<h3 class=\"wp-block-heading\">Pracovn\u00ed dovednosti<\/h3>\n\n\n\n<ul class=\"wp-block-list\">\n<li>Spr\u00e1va po\u010d\u00edta\u010dov\u00fdch s\u00edt\u00ed a kybernetick\u00e9 bezpe\u010dnosti (ale to u\u017e asi tak n\u011bjak vyplynulo :-)) Ale heslovit\u011b:\n\n\n\n\n\n\n\n\n\n\n\n\n\n\n\n\n\n\n\n\n\n\n\n\n\n\n\n\n<ul class=\"wp-block-list\">\n<li>Spr\u00e1va Linuxu \u2013 nejrad\u011bji m\u00e1m Debian a na n\u011bm zalo\u017een\u00e1 distra. (LAMP, E-mail, Samba, cron, nastaven\u00ed Iptables\u2026)<\/li>\n\n\n\n<li><span style=\"color: var(--ast-global-color-3); background-color: var(--ast-global-color-5); font-size: 1rem; font-weight: inherit;\">Nastaven\u00ed MS Windows, MS Windows Server (AD DS, DNS, DHCP, WSUS, z\u00e1klady PowerShellu\u2026)<\/span><\/li>\n<\/ul>\n\n\n\n<ul class=\"wp-block-list\">\n<li>Cisco IOS, Mikrotik RouterOS, Ubiquiti AirOS, UNMS<\/li>\n<\/ul>\n<\/li>\n\n\n\n<li>Spr\u00e1va po\u010d\u00edta\u010dov\u00e9ho hardwaru, schopnost diagnostiky a \u0159e\u0161en\u00ed probl\u00e9m\u016f (nejen) s&nbsp;x86 po\u010d\u00edta\u010di, d\u0159\u00edv m\u011b hodn\u011b bavilo stav\u011bt po\u010d\u00edta\u010de. Kdysi, na S\u0160, jsem se z\u00fa\u010dastnil celosv\u011btov\u00e9 sout\u011b\u017ee Cisco NetRiders ve znalostech po\u010d\u00edta\u010dov\u00e9ho hardwaru, kde jsem se um\u00edstil asi na 20. m\u00edst\u011b, p\u0159i\u010dem\u017e z&nbsp;\u010cR jsem byl prvn\u00ed.<\/li>\n\n\n\n<li>Programov\u00e1n\u00ed a skriptov\u00e1n\u00ed \u2013 ale to je sp\u00ed\u0161 hobby.<ul><li>Nejv\u00edc m\u011b bav\u00ed PHP (a tomu v\u0161emu hejtu okolo n\u011bj nerozum\u00edm :-)), kde jsem schopen vyrobit jednoduch\u00fd informa\u010dn\u00ed syst\u00e9m s&nbsp;p\u0159ihl\u00e1\u0161en\u00edm, nebo r\u016fzn\u00e9 kontroln\u00ed a jin\u00e9 skripty.<\/li><\/ul><ul><li>Trochu um\u00edm JavaScript a Javu, na tu sah\u00e1m hlavn\u011b p\u0159i spr\u00e1v\u011b Minecraft server\u016f.<\/li><\/ul><ul><li>Samoz\u0159ejm\u011b si nap\u00ed\u0161u i skript v&nbsp;Bashi nebo Pythonu.<\/li><\/ul>\n<ul class=\"wp-block-list\">\n<li><strong>Nejsem ale profesion\u00e1ln\u00ed program\u00e1tor a nevytv\u00e1\u0159\u00edm \u017e\u00e1dn\u00fd produk\u010dn\u00ed software.<\/strong><\/li>\n<\/ul>\n<\/li>\n\n\n\n<li>D\u0159\u00edv jsem d\u011bl\u00e1val kamerov\u00e9 syst\u00e9my, ale od toho pomalu odch\u00e1z\u00edm, proto\u017ee je to z&nbsp;m\u00e9ho pohledu moc manu\u00e1ln\u00ed a m\u00e1lo technick\u00e1 pr\u00e1ce.<\/li>\n\n\n\n<li>A samoz\u0159ejm\u011b m\u00e1m vyhl\u00e1\u0161ku 50.<\/li>\n<\/ul>\n\n\n\n<h2 class=\"wp-block-heading\">Osobn\u00ed dovednosti<\/h2>\n\n\n\n<ul class=\"wp-block-list\">\n<li>Podle <a href=\"https:\/\/www.viktor-ferus.cz\/wp-content\/uploads\/2024\/01\/IQ_test_anon.pdf\">posledn\u00edho m\u011b\u0159en\u00ed<\/a> m\u00e1m IQ 121.<\/li>\n<\/ul>\n\n\n\n<h3 class=\"wp-block-heading\">Jazyky<\/h3>\n\n\n\n<ul class=\"wp-block-list\">\n<li>Nejl\u00e9pe um\u00edm asi \u010desky. \ud83d\ude42<\/li>\n\n\n\n<li>Angli\u010dtina \u2013 jsem n\u011bkde mezi B2 a C1.<\/li>\n\n\n\n<li>Ru\u0161tina \u2013 B1<\/li>\n\n\n\n<li>N\u011bm\u010dina \u2013 A1 (m\u011bl jsem ji dva roky na Z\u0160 a bav\u00ed m\u011b Alles Gute :-))<\/li>\n<\/ul>\n\n\n\n<h3 class=\"wp-block-heading\">\u0158idi\u010dsk\u00fd pr\u016fkaz<\/h3>\n\n\n\n<ul class=\"wp-block-list\">\n<li>AM<\/li>\n\n\n\n<li>B1, B<\/li>\n\n\n\n<li>B+E<\/li>\n<\/ul>\n\n\n\n<h3 class=\"wp-block-heading\">Z\u00e1jmy<\/h3>\n\n\n\n<ul class=\"wp-block-list\">\n<li>Samoz\u0159ejm\u011b po\u010d\u00edta\u010de:-)<\/li>\n\n\n\n<li>Foto\/video \u2013 jeden \u010das jsem se t\u00edm i \u017eivil, dneska u\u017e opravdu jen kon\u00ed\u010dek. \u010cas od \u010dasu n\u011bco nato\u010d\u00edm na <a href=\"https:\/\/youtube.com\/nokia6085ful\" target=\"_blank\" rel=\"noreferrer noopener\">Youtube<\/a>, nebo nahraju n\u011bjak\u00e9 album do webov\u00e9 galerie.<\/li>\n\n\n\n<li>Minecraft \u2013 provozuji komunitn\u00ed Minecraft server <a href=\"https:\/\/r-craft.cz\/\" target=\"_blank\" rel=\"noreferrer noopener\">R-Craft<\/a>, a to v\u010detn\u011b spr\u00e1vy, upgrad\u016f, z\u00e1loh a \u0159e\u0161en\u00ed technick\u00fdch probl\u00e9m\u016f cca 80 hr\u00e1\u010d\u016f.<\/li>\n<\/ul>\n\n\n\n<p>Zaj\u00edm\u00e1 V\u00e1s o mn\u011b v\u00edc? Nav\u0161tivte str\u00e1nku <strong><a href=\"?page_id=113\" data-type=\"page\" data-id=\"113\">O mn\u011b<\/a><\/strong>. <\/p>\n\n\n\n<script src=\"https:\/\/ajax.googleapis.com\/ajax\/libs\/jquery\/2.1.1\/jquery.min.js\"><\/script>\n<script>\n\/\/ Get the H2 heading element with id \"vf\"\nconst h2 = document.querySelector('#vf');\n\nlet timeoutId;\n\n\/\/ Add a mouseover event listener to the H2 heading\nh2.addEventListener('mouseover', () => {\n  \/\/ Set a timeout to change the text after 5 seconds\n  timeoutId = setTimeout(() => {\n    \/\/ Use jQuery's animate method to change the text content of the H2 heading with a fade-out and fade-in effect\n    $(h2).fadeOut('fast', () => {\n      h2.textContent = 'Jarom\u00edr Soukup';\n      $(h2).fadeIn('fast');\n    });\n  }, 5000);\n});\n\n\/\/ Add a mouseout event listener to the H2 heading\nh2.addEventListener('mouseout', () => {\n  \/\/ Clear the timeout if the user moves the cursor off the H2 heading\n  clearTimeout(timeoutId);\n});\n<\/script>\n\n\n\n<div class=\"wp-block-group alignfull has-background is-layout-constrained wp-container-core-group-is-layout-cfcca693 wp-block-group-is-layout-constrained\" id=\"contact\" style=\"background:linear-gradient(35deg,rgb(6,0,151) 0%,rgb(130,4,255) 64%,rgb(193,15,255) 98%);padding-top:104px;padding-bottom:104px\">\n<h2 class=\"wp-block-heading has-text-align-center has-text-color\" style=\"color:#ffffff\">Zaujal V\u00e1s m\u016fj profil?<\/h2>\n\n\n\n<div class=\"wp-block-buttons alignwide is-horizontal is-content-justification-center is-layout-flex wp-container-core-buttons-is-layout-bba8380a wp-block-buttons-is-layout-flex\" style=\"margin-top:50px\">\n<div class=\"wp-block-button\"><a class=\"wp-block-button__link wp-element-button\" href=\"?page_id=154\">Kontakt<\/a><\/div>\n<\/div>\n<\/div>\n","protected":false},"excerpt":{"rendered":"<p>Viktor Ferus Z\u00e1kladn\u00ed \u00fadaje Pracovn\u00ed zku\u0161enosti Cybersecurity specialist \/ specialista v&nbsp;oblasti bezpe\u010dnosti dat Centrum informatizace a v\u00fdpo\u010detn\u00ed techniky, Z\u00e1pado\u010desk\u00e1 univerzita v Plzni, Univerzitn\u00ed 2732\/8, 301 00 Plze\u0148 1. 1. 2021 &#8211; sou\u010dasnost Spr\u00e1vce po\u010d\u00edta\u010dov\u00e9 s\u00edt\u011b PilsFree, z. s., Tachovsk\u00e1 41, 323 00 Plze\u0148 20. 11. 2019 \u2013 sou\u010dasnost IT freelancer 1. 4. 2020 \u2013 sou\u010dasnost &hellip;<\/p>\n<p class=\"read-more\"> <a class=\"\" href=\"https:\/\/www.viktor-ferus.cz\/?page_id=75\"> <span class=\"screen-reader-text\">CV<\/span> Pokra\u010dovat ve \u010dten\u00ed &raquo;<\/a><\/p>\n","protected":false},"author":1,"featured_media":159,"parent":0,"menu_order":0,"comment_status":"closed","ping_status":"closed","template":"","meta":{"site-sidebar-layout":"default","site-content-layout":"default","ast-global-header-display":"","ast-main-header-display":"","ast-hfb-above-header-display":"","ast-hfb-below-header-display":"","ast-hfb-mobile-header-display":"","site-post-title":"disabled","ast-breadcrumbs-content":"","ast-featured-img":"disabled","footer-sml-layout":"","theme-transparent-header-meta":"","adv-header-id-meta":"","stick-header-meta":"","header-above-stick-meta":"","header-main-stick-meta":"","header-below-stick-meta":"","footnotes":""},"class_list":["post-75","page","type-page","status-publish","has-post-thumbnail","hentry"],"_links":{"self":[{"href":"https:\/\/www.viktor-ferus.cz\/index.php?rest_route=\/wp\/v2\/pages\/75","targetHints":{"allow":["GET"]}}],"collection":[{"href":"https:\/\/www.viktor-ferus.cz\/index.php?rest_route=\/wp\/v2\/pages"}],"about":[{"href":"https:\/\/www.viktor-ferus.cz\/index.php?rest_route=\/wp\/v2\/types\/page"}],"author":[{"embeddable":true,"href":"https:\/\/www.viktor-ferus.cz\/index.php?rest_route=\/wp\/v2\/users\/1"}],"replies":[{"embeddable":true,"href":"https:\/\/www.viktor-ferus.cz\/index.php?rest_route=%2Fwp%2Fv2%2Fcomments&post=75"}],"version-history":[{"count":41,"href":"https:\/\/www.viktor-ferus.cz\/index.php?rest_route=\/wp\/v2\/pages\/75\/revisions"}],"predecessor-version":[{"id":347,"href":"https:\/\/www.viktor-ferus.cz\/index.php?rest_route=\/wp\/v2\/pages\/75\/revisions\/347"}],"wp:featuredmedia":[{"embeddable":true,"href":"https:\/\/www.viktor-ferus.cz\/index.php?rest_route=\/wp\/v2\/media\/159"}],"wp:attachment":[{"href":"https:\/\/www.viktor-ferus.cz\/index.php?rest_route=%2Fwp%2Fv2%2Fmedia&parent=75"}],"curies":[{"name":"wp","href":"https:\/\/api.w.org\/{rel}","templated":true}]}}